{"id":67,"date":"2021-11-09T17:21:16","date_gmt":"2021-11-09T20:21:16","guid":{"rendered":"https:\/\/imunibraz.com.br\/portal\/?page_id=67"},"modified":"2022-04-25T10:44:16","modified_gmt":"2022-04-25T13:44:16","slug":"escorpioes","status":"publish","type":"page","link":"https:\/\/imunibraz.com.br\/portal\/escorpioes\/","title":{"rendered":"Escorpi\u00f5es"},"content":{"rendered":"\n<h5 class=\"wp-block-heading\"><strong>Introdu\u00e7\u00e3o<\/strong><\/h5>\n\n\n\n<p>Os escorpi\u00f5es mais comuns na cidade de S\u00e3o Paulo s\u00e3o o amarelo e o marrom. Estes animais possuem ferr\u00e3o e causam acidentes que podem ser leves ou fatais, dependendo da pessoa. Crian\u00e7as e idosos s\u00e3o mais sens\u00edveis ao veneno do escorpi\u00e3o.<\/p>\n\n\n\n<p>Os escorpi\u00f5es alimentam-se principalmente de insetos (cupins, baratas, grilos, etc.). T\u00eam como inimigos naturais algumas aves, lagartos, lagartixas, sapos e algumas esp\u00e9cies de aranhas. Aproximadamente 160 esp\u00e9cies de escorpi\u00f5es ocorrem no Brasil. Destas, apena tr\u00eas esp\u00e9cies s\u00e3o consideradas de import\u00e2ncia m\u00e9dica:&nbsp;<em>Tityus<\/em>&nbsp;<em>bahiensis<\/em>&nbsp;(escorpi\u00e3o marrom),&nbsp;<em>Tityus<\/em>&nbsp;<em>serrulatus<\/em>&nbsp;(escorpi\u00e3o amarelo) e&nbsp;<em>Tityus<\/em>&nbsp;<em>stigmurus<\/em>&nbsp;(escorpi\u00e3o amarelo do nordeste).<\/p>\n\n\n\n<p>Os escorpi\u00f5es podem ser encontrados nas cidades, ocorrendo em parques, \u00e1reas verdes, terrenos baldios, cemit\u00e9rios, em galerias de esgoto, de \u00e1guas pluviais e de instala\u00e7\u00f5es el\u00e9tricas, linhas de trem, em meio a materiais de constru\u00e7\u00e3o e entulhos.<\/p>\n\n\n\n<h5 class=\"wp-block-heading\"><strong>Ciclo de Vida<\/strong><\/h5>\n\n\n\n<p>S\u00e3o animais de h\u00e1bito noturno, ca\u00e7am insetos sendo a barata seu principal alimento na cidade.<\/p>\n\n\n\n<p>Abrigam-se em locais sombreados e \u00famidos de prefer\u00eancia (t\u00famulos, buracos no solo, madeira, pedras, entulho, frestas de parede, caixa de luz, bueiro, encanamento em desuso, caixa de gordura e de inspe\u00e7\u00e3o, materiais de constru\u00e7\u00e3o, cal\u00e7ados, roupas, etc.).<\/p>\n\n\n\n<p>Os escorpi\u00f5es n\u00e3o botam ovos, os filhotes nascem parecidos com os adultos, geralmente de 15 a 20 filhotes por ninhada.<\/p>\n\n\n\n<p>Se preproduzem principalmente na primavera e ver\u00e3o, quando estes animais se tornam mais ativos, aumentando os riscos de acidentes.<\/p>\n\n\n\n<h5 class=\"wp-block-heading\"><strong>Agravos Para a Sa\u00fade<\/strong><\/h5>\n\n\n\n<p>&nbsp;Os escorpi\u00f5es s\u00e3o considerados pe\u00e7onhentos, pois possu\u00edrem veneno e podem inocula-lo atrav\u00e9s do ferr\u00e3o. O quadro cl\u00ednico de envenenamento pode variar, pois depende de diversos fatores como: a esp\u00e9cies do escorpi\u00e3o, a quantidade de veneno inoculado, a massa corp\u00f3rea e a idade da v\u00edtima, sendo que crian\u00e7as e idosos s\u00e3o o grupo mais vulner\u00e1vel. Em caso de acidentes, deve-se procurar auxilio o mais r\u00e1pido poss\u00edvel.<\/p>\n\n\n\n<h5 class=\"wp-block-heading\"><strong>Medidas Preventivas<\/strong><\/h5>\n\n\n\n<p>Eliminar material de constru\u00e7\u00e3o, entulhos, lixo dom\u00e9stico e folhas secas;<\/p>\n\n\n\n<p>Limpar os terrenos baldios;<\/p>\n\n\n\n<p>Manter a grama aparada e os jardins limpos;<\/p>\n\n\n\n<p>Vedar frestas e buracos em paredes, nos muros e pisos;<\/p>\n\n\n\n<p>Consertar rodap\u00e9s despregados, colocar tela nas janelas e vedar a porta com rodo de borracha;<\/p>\n\n\n\n<p>Acondicionar o lixo em sacos pl\u00e1sticos fechados ou em recipientes com tampa para evitar prolifera\u00e7\u00e3o de insetos, principalmente baratas;<\/p>\n\n\n\n<p>Telar os ralos da \u00e1rea externa, manter a tampa dos ralos internos na posi\u00e7\u00e3o fechada, abrir apenas para limpeza e enquanto estiver em uso e vedar os ralos de pias e tanques;<\/p>\n\n\n\n<p>Afastar a cama das paredes, evitar o contato com roupas de cama com o ch\u00e3o;<\/p>\n\n\n\n<p>Vedar frestas nos muros<\/p>\n\n\n\n<p>Examinar roupas e cal\u00e7ados antes de us\u00e1-los;<\/p>\n\n\n\n<p>Proteger as m\u00e3os e os p\u00e9s com luvas e cal\u00e7ados fechados ao manusear materiais que possam servir de abrigo para escorpi\u00f5es.<\/p>\n\n\n\n<h5 class=\"wp-block-heading\"><strong>Controle<\/strong><\/h5>\n\n\n\n<p>S\u00e3o utilizadas as formula\u00e7\u00f5es l\u00edquidas microencapsuladas por meio de nebuliza\u00e7\u00e3o e pulveriza\u00e7\u00e3o al\u00e9m de p\u00f3 seco.<\/p>\n\n\n\n<p>Consiste nos seguintes passos:<\/p>\n\n\n\n<p>Inspe\u00e7\u00e3o para identifica\u00e7\u00e3o da esp\u00e9cie alvo;<\/p>\n\n\n\n<p>Determina\u00e7\u00e3o do n\u00edvel de infesta\u00e7\u00e3o para ado\u00e7\u00e3o de controle;<\/p>\n\n\n\n<p>Melhorias ambientais (consulta gratuita pela Biodoca para informar as melhorias ambientais necess\u00e1rias);<\/p>\n\n\n\n<p>Controle qu\u00edmico;<\/p>\n\n\n\n<p>Avaliar as medidas de controle e o seu uso (riscos, benef\u00edcios, efic\u00e1cia);<\/p>\n\n\n\n<p>Implementar as t\u00e1ticas seguras e efetivas de controle;<\/p>\n\n\n\n<p>Avaliar a efic\u00e1cia do controle (realizar o monitoramento do n\u00edvel de infesta\u00e7\u00e3o) e se necess\u00e1rio adotar as medidas de controle complementares;<\/p>\n\n\n\n<p>Emiss\u00e3o de relat\u00f3rio de manejo integrado de pragas, contendo servi\u00e7o executado e necessidades de melhorias conforme as boas pr\u00e1ticas.<\/p>\n\n\n\n<p>A equipe da Biodoca \u00e9 especialista neste tipo de trabalho. Para mais informa\u00e7\u00f5es entre em contato conosco.<\/p>\n","protected":false},"excerpt":{"rendered":"<p>Introdu\u00e7\u00e3o Os escorpi\u00f5es mais comuns na cidade de S\u00e3o Paulo s\u00e3o o amarelo e o marrom. Estes animais possuem ferr\u00e3o e causam acidentes que podem ser leves ou fatais, dependendo da pessoa. Crian\u00e7as e idosos s\u00e3o mais sens\u00edveis ao veneno do escorpi\u00e3o. Os escorpi\u00f5es alimentam-se principalmente de insetos (cupins, baratas, grilos, etc.). T\u00eam como inimigos [&hellip;]<\/p>\n","protected":false},"author":1,"featured_media":0,"parent":0,"menu_order":0,"comment_status":"closed","ping_status":"closed","template":"template-fullwidth.php","meta":{"footnotes":""},"class_list":["post-67","page","type-page","status-publish","hentry"],"yoast_head":"<!-- This site is optimized with the Yoast SEO plugin v27.3 - https:\/\/yoast.com\/product\/yoast-seo-wordpress\/ -->\n<title>Escorpi\u00f5es - Imunibraz<\/title>\n<meta name=\"robots\" content=\"index, follow, max-snippet:-1, max-image-preview:large, max-video-preview:-1\" \/>\n<link rel=\"canonical\" href=\"https:\/\/imunibraz.com.br\/portal\/escorpioes\/\" \/>\n<meta property=\"og:locale\" content=\"pt_BR\" \/>\n<meta property=\"og:type\" content=\"article\" \/>\n<meta property=\"og:title\" content=\"Escorpi\u00f5es - Imunibraz\" \/>\n<meta property=\"og:description\" content=\"Introdu\u00e7\u00e3o Os escorpi\u00f5es mais comuns na cidade de S\u00e3o Paulo s\u00e3o o amarelo e o marrom. Estes animais possuem ferr\u00e3o e causam acidentes que podem ser leves ou fatais, dependendo da pessoa. Crian\u00e7as e idosos s\u00e3o mais sens\u00edveis ao veneno do escorpi\u00e3o. Os escorpi\u00f5es alimentam-se principalmente de insetos (cupins, baratas, grilos, etc.). T\u00eam como inimigos [&hellip;]\" \/>\n<meta property=\"og:url\" content=\"https:\/\/imunibraz.com.br\/portal\/escorpioes\/\" \/>\n<meta property=\"og:site_name\" content=\"Imunibraz\" \/>\n<meta property=\"article:modified_time\" content=\"2022-04-25T13:44:16+00:00\" \/>\n<meta name=\"twitter:card\" content=\"summary_large_image\" \/>\n<meta name=\"twitter:label1\" content=\"Est. tempo de leitura\" \/>\n\t<meta name=\"twitter:data1\" content=\"3 minutos\" \/>\n<script type=\"application\/ld+json\" class=\"yoast-schema-graph\">{\"@context\":\"https:\\\/\\\/schema.org\",\"@graph\":[{\"@type\":\"WebPage\",\"@id\":\"https:\\\/\\\/imunibraz.com.br\\\/portal\\\/escorpioes\\\/\",\"url\":\"https:\\\/\\\/imunibraz.com.br\\\/portal\\\/escorpioes\\\/\",\"name\":\"Escorpi\u00f5es - Imunibraz\",\"isPartOf\":{\"@id\":\"https:\\\/\\\/imunibraz.com.br\\\/portal\\\/#website\"},\"datePublished\":\"2021-11-09T20:21:16+00:00\",\"dateModified\":\"2022-04-25T13:44:16+00:00\",\"breadcrumb\":{\"@id\":\"https:\\\/\\\/imunibraz.com.br\\\/portal\\\/escorpioes\\\/#breadcrumb\"},\"inLanguage\":\"pt-BR\",\"potentialAction\":[{\"@type\":\"ReadAction\",\"target\":[\"https:\\\/\\\/imunibraz.com.br\\\/portal\\\/escorpioes\\\/\"]}]},{\"@type\":\"BreadcrumbList\",\"@id\":\"https:\\\/\\\/imunibraz.com.br\\\/portal\\\/escorpioes\\\/#breadcrumb\",\"itemListElement\":[{\"@type\":\"ListItem\",\"position\":1,\"name\":\"In\u00edcio\",\"item\":\"https:\\\/\\\/imunibraz.com.br\\\/portal\\\/\"},{\"@type\":\"ListItem\",\"position\":2,\"name\":\"Escorpi\u00f5es\"}]},{\"@type\":\"WebSite\",\"@id\":\"https:\\\/\\\/imunibraz.com.br\\\/portal\\\/#website\",\"url\":\"https:\\\/\\\/imunibraz.com.br\\\/portal\\\/\",\"name\":\"Imunibraz\",\"description\":\"Dedetiza\u00e7\u00e3o Comercial\",\"publisher\":{\"@id\":\"https:\\\/\\\/imunibraz.com.br\\\/portal\\\/#organization\"},\"potentialAction\":[{\"@type\":\"SearchAction\",\"target\":{\"@type\":\"EntryPoint\",\"urlTemplate\":\"https:\\\/\\\/imunibraz.com.br\\\/portal\\\/?s={search_term_string}\"},\"query-input\":{\"@type\":\"PropertyValueSpecification\",\"valueRequired\":true,\"valueName\":\"search_term_string\"}}],\"inLanguage\":\"pt-BR\"},{\"@type\":\"Organization\",\"@id\":\"https:\\\/\\\/imunibraz.com.br\\\/portal\\\/#organization\",\"name\":\"Imunibraz\",\"url\":\"https:\\\/\\\/imunibraz.com.br\\\/portal\\\/\",\"logo\":{\"@type\":\"ImageObject\",\"inLanguage\":\"pt-BR\",\"@id\":\"https:\\\/\\\/imunibraz.com.br\\\/portal\\\/#\\\/schema\\\/logo\\\/image\\\/\",\"url\":\"https:\\\/\\\/imunibraz.com.br\\\/portal\\\/wp-content\\\/uploads\\\/2021\\\/09\\\/cropped-cropped-Logo-pronto.png\",\"contentUrl\":\"https:\\\/\\\/imunibraz.com.br\\\/portal\\\/wp-content\\\/uploads\\\/2021\\\/09\\\/cropped-cropped-Logo-pronto.png\",\"width\":512,\"height\":512,\"caption\":\"Imunibraz\"},\"image\":{\"@id\":\"https:\\\/\\\/imunibraz.com.br\\\/portal\\\/#\\\/schema\\\/logo\\\/image\\\/\"}}]}<\/script>\n<!-- \/ Yoast SEO plugin. -->","yoast_head_json":{"title":"Escorpi\u00f5es - Imunibraz","robots":{"index":"index","follow":"follow","max-snippet":"max-snippet:-1","max-image-preview":"max-image-preview:large","max-video-preview":"max-video-preview:-1"},"canonical":"https:\/\/imunibraz.com.br\/portal\/escorpioes\/","og_locale":"pt_BR","og_type":"article","og_title":"Escorpi\u00f5es - Imunibraz","og_description":"Introdu\u00e7\u00e3o Os escorpi\u00f5es mais comuns na cidade de S\u00e3o Paulo s\u00e3o o amarelo e o marrom. Estes animais possuem ferr\u00e3o e causam acidentes que podem ser leves ou fatais, dependendo da pessoa. Crian\u00e7as e idosos s\u00e3o mais sens\u00edveis ao veneno do escorpi\u00e3o. Os escorpi\u00f5es alimentam-se principalmente de insetos (cupins, baratas, grilos, etc.). T\u00eam como inimigos [&hellip;]","og_url":"https:\/\/imunibraz.com.br\/portal\/escorpioes\/","og_site_name":"Imunibraz","article_modified_time":"2022-04-25T13:44:16+00:00","twitter_card":"summary_large_image","twitter_misc":{"Est. tempo de leitura":"3 minutos"},"schema":{"@context":"https:\/\/schema.org","@graph":[{"@type":"WebPage","@id":"https:\/\/imunibraz.com.br\/portal\/escorpioes\/","url":"https:\/\/imunibraz.com.br\/portal\/escorpioes\/","name":"Escorpi\u00f5es - Imunibraz","isPartOf":{"@id":"https:\/\/imunibraz.com.br\/portal\/#website"},"datePublished":"2021-11-09T20:21:16+00:00","dateModified":"2022-04-25T13:44:16+00:00","breadcrumb":{"@id":"https:\/\/imunibraz.com.br\/portal\/escorpioes\/#breadcrumb"},"inLanguage":"pt-BR","potentialAction":[{"@type":"ReadAction","target":["https:\/\/imunibraz.com.br\/portal\/escorpioes\/"]}]},{"@type":"BreadcrumbList","@id":"https:\/\/imunibraz.com.br\/portal\/escorpioes\/#breadcrumb","itemListElement":[{"@type":"ListItem","position":1,"name":"In\u00edcio","item":"https:\/\/imunibraz.com.br\/portal\/"},{"@type":"ListItem","position":2,"name":"Escorpi\u00f5es"}]},{"@type":"WebSite","@id":"https:\/\/imunibraz.com.br\/portal\/#website","url":"https:\/\/imunibraz.com.br\/portal\/","name":"Imunibraz","description":"Dedetiza\u00e7\u00e3o Comercial","publisher":{"@id":"https:\/\/imunibraz.com.br\/portal\/#organization"},"potentialAction":[{"@type":"SearchAction","target":{"@type":"EntryPoint","urlTemplate":"https:\/\/imunibraz.com.br\/portal\/?s={search_term_string}"},"query-input":{"@type":"PropertyValueSpecification","valueRequired":true,"valueName":"search_term_string"}}],"inLanguage":"pt-BR"},{"@type":"Organization","@id":"https:\/\/imunibraz.com.br\/portal\/#organization","name":"Imunibraz","url":"https:\/\/imunibraz.com.br\/portal\/","logo":{"@type":"ImageObject","inLanguage":"pt-BR","@id":"https:\/\/imunibraz.com.br\/portal\/#\/schema\/logo\/image\/","url":"https:\/\/imunibraz.com.br\/portal\/wp-content\/uploads\/2021\/09\/cropped-cropped-Logo-pronto.png","contentUrl":"https:\/\/imunibraz.com.br\/portal\/wp-content\/uploads\/2021\/09\/cropped-cropped-Logo-pronto.png","width":512,"height":512,"caption":"Imunibraz"},"image":{"@id":"https:\/\/imunibraz.com.br\/portal\/#\/schema\/logo\/image\/"}}]}},"_links":{"self":[{"href":"https:\/\/imunibraz.com.br\/portal\/wp-json\/wp\/v2\/pages\/67","targetHints":{"allow":["GET"]}}],"collection":[{"href":"https:\/\/imunibraz.com.br\/portal\/wp-json\/wp\/v2\/pages"}],"about":[{"href":"https:\/\/imunibraz.com.br\/portal\/wp-json\/wp\/v2\/types\/page"}],"author":[{"embeddable":true,"href":"https:\/\/imunibraz.com.br\/portal\/wp-json\/wp\/v2\/users\/1"}],"replies":[{"embeddable":true,"href":"https:\/\/imunibraz.com.br\/portal\/wp-json\/wp\/v2\/comments?post=67"}],"version-history":[{"count":1,"href":"https:\/\/imunibraz.com.br\/portal\/wp-json\/wp\/v2\/pages\/67\/revisions"}],"predecessor-version":[{"id":68,"href":"https:\/\/imunibraz.com.br\/portal\/wp-json\/wp\/v2\/pages\/67\/revisions\/68"}],"wp:attachment":[{"href":"https:\/\/imunibraz.com.br\/portal\/wp-json\/wp\/v2\/media?parent=67"}],"curies":[{"name":"wp","href":"https:\/\/api.w.org\/{rel}","templated":true}]}}